{"id":147,"date":"2012-02-20T12:48:43","date_gmt":"2012-02-20T12:48:43","guid":{"rendered":"http:\/\/alalay.co.uk\/wordpress\/?page_id=147"},"modified":"2014-03-11T11:28:05","modified_gmt":"2014-03-11T11:28:05","slug":"media","status":"publish","type":"page","link":"http:\/\/alalay.co.uk\/?page_id=147","title":{"rendered":"Media"},"content":{"rendered":"\n<!-- Facebook Like Button v1.9.6 BEGIN [http:\/\/blog.bottomlessinc.com] -->\n<iframe src=\"http:\/\/www.facebook.com\/plugins\/like.php?href=http%3A%2F%2Falalay.co.uk%2F%3Fpage_id%3D147&amp;layout=standard&amp;show_faces=false&amp;width=450&amp;action=like&amp;colorscheme=light\" scrolling=\"no\" frameborder=\"0\" allowTransparency=\"true\" style=\"border:none; overflow:hidden; width:450px; height: 30px; align: left; margin: 2px 0px 2px 0px\"><\/iframe>\n<!-- Facebook Like Button END -->\n<p>The work of Friends of Alalay has been featured in various publications over the years.<\/p>\n<p><a href=\"http:\/\/alalay.co.uk\/wordpress\/wp-content\/uploads\/2012\/02\/glamorgan-gem-article.jpg\"><img decoding=\"async\" loading=\"lazy\" class=\"alignleft size-medium wp-image-2201\" alt=\"glamorgan gem article\" src=\"http:\/\/alalay.co.uk\/wordpress\/wp-content\/uploads\/2012\/02\/glamorgan-gem-article-300x182.jpg\" width=\"300\" height=\"182\" srcset=\"http:\/\/alalay.co.uk\/wordpress\/wp-content\/uploads\/2012\/02\/glamorgan-gem-article-300x182.jpg 300w, http:\/\/alalay.co.uk\/wordpress\/wp-content\/uploads\/2012\/02\/glamorgan-gem-article-1024x624.jpg 1024w, http:\/\/alalay.co.uk\/wordpress\/wp-content\/uploads\/2012\/02\/glamorgan-gem-article.jpg 1033w\" sizes=\"(max-width: 300px) 100vw, 300px\" \/><\/a><\/p>\n<p>&nbsp;<\/p>\n<p>The Glamorgan GEM newspaper,<br \/>\n&#8220;Four speakers enthrall English Speaking Union&#8221;, 27 February 2014<\/p>\n<p>&nbsp;<\/p>\n<p><a href=\"http:\/\/www.ftnnews.com\/index.php?option=com_content&amp;view=article&amp;id=19430&amp;Itemid=32\" target=\"_blank\"><img decoding=\"async\" loading=\"lazy\" class=\"alignleft size-medium wp-image-1448\" title=\"travel news gazette\" alt=\"\" src=\"http:\/\/alalay.co.uk\/wordpress\/wp-content\/uploads\/2012\/02\/travel-news-gazette-300x200.jpg\" width=\"300\" height=\"200\" srcset=\"http:\/\/alalay.co.uk\/wordpress\/wp-content\/uploads\/2012\/02\/travel-news-gazette-300x200.jpg 300w, http:\/\/alalay.co.uk\/wordpress\/wp-content\/uploads\/2012\/02\/travel-news-gazette.jpg 819w\" sizes=\"(max-width: 300px) 100vw, 300px\" \/><\/a><\/p>\n<p>&nbsp;<\/p>\n<p><a href=\"http:\/\/www.ftnnews.com\/index.php?option=com_content&amp;view=article&amp;id=19430&amp;Itemid=32\" target=\"_blank\">Travel News Gazette,<\/a><br \/>\n&#8220;LATA Foundation has new projects in Latin America&#8221;, 13 December 2012.<br \/>\nFurther LATA-related press releases can be found <a href=\"http:\/\/www.incentivetravel.co.uk\/news\/agency-news\/11049-lata-foundation-announces-new-projects-in-latin-america\" target=\"_blank\">HERE <\/a>and <a href=\"http:\/\/www.traveldailynews.com\/news\/article\/52499\" target=\"_blank\">HERE<\/a>.<\/p>\n<p><a href=\"http:\/\/www.gazetteseries.co.uk\/news\/10013774.Former_boy_Scout_completes_epic_10_000km_bike_ride\/http:\/bit.ly\/QGum74\/\" target=\"_blank\"><img decoding=\"async\" loading=\"lazy\" class=\"alignleft size-medium wp-image-1440\" title=\"gazette 4 nov 2012\" alt=\"\" src=\"http:\/\/alalay.co.uk\/wordpress\/wp-content\/uploads\/2012\/02\/gazette-4-nov-20122-300x172.jpg\" width=\"300\" height=\"172\" srcset=\"http:\/\/alalay.co.uk\/wordpress\/wp-content\/uploads\/2012\/02\/gazette-4-nov-20122-300x172.jpg 300w, http:\/\/alalay.co.uk\/wordpress\/wp-content\/uploads\/2012\/02\/gazette-4-nov-20122.jpg 965w\" sizes=\"(max-width: 300px) 100vw, 300px\" \/><\/a><\/p>\n<p>&nbsp;<\/p>\n<p>&nbsp;<\/p>\n<p><a href=\"http:\/\/www.gazetteseries.co.uk\/news\/10013774.Former_boy_Scout_completes_epic_10_000km_bike_ride\/http:\/bit.ly\/QGum74\/\" target=\"_blank\">The Yate Gazette<\/a> &#8220;Former boy Scout from Doynton completes epic 10,000km bike ride&#8221;, 4 November 2012<\/p>\n<p><a href=\"http:\/\/www.shef.ac.uk\/polopoly_fs\/1.196966!\/file\/your_university2012.pdf\" target=\"_blank\"><img decoding=\"async\" loading=\"lazy\" class=\"alignleft size-medium wp-image-1445\" title=\"your uni 2012 2\" alt=\"\" src=\"http:\/\/alalay.co.uk\/wordpress\/wp-content\/uploads\/2012\/02\/your-uni-2012-2-300x171.jpg\" width=\"300\" height=\"171\" srcset=\"http:\/\/alalay.co.uk\/wordpress\/wp-content\/uploads\/2012\/02\/your-uni-2012-2-300x171.jpg 300w, http:\/\/alalay.co.uk\/wordpress\/wp-content\/uploads\/2012\/02\/your-uni-2012-2.jpg 956w\" sizes=\"(max-width: 300px) 100vw, 300px\" \/><\/a><\/p>\n<p>&nbsp;<\/p>\n<p>&nbsp;<\/p>\n<p><a href=\"http:\/\/www.shef.ac.uk\/polopoly_fs\/1.196966!\/file\/your_university2012.pdf\" target=\"_blank\">Your University magazine<\/a> (Sheffield University friends and alumni publication), 2012 edition (page 36)<\/p>\n<p><a href=\"http:\/\/issuu.com\/esuorg\/docs\/dialogue_web_version?mode=a_p\" target=\"_blank\"><img decoding=\"async\" loading=\"lazy\" class=\"alignleft size-medium wp-image-1441\" title=\"dialogue summer 2012\" alt=\"\" src=\"http:\/\/alalay.co.uk\/wordpress\/wp-content\/uploads\/2012\/02\/dialogue-summer-2012-300x140.jpg\" width=\"300\" height=\"140\" srcset=\"http:\/\/alalay.co.uk\/wordpress\/wp-content\/uploads\/2012\/02\/dialogue-summer-2012-300x140.jpg 300w, http:\/\/alalay.co.uk\/wordpress\/wp-content\/uploads\/2012\/02\/dialogue-summer-2012-1024x480.jpg 1024w, http:\/\/alalay.co.uk\/wordpress\/wp-content\/uploads\/2012\/02\/dialogue-summer-2012.jpg 1172w\" sizes=\"(max-width: 300px) 100vw, 300px\" \/><\/a><\/p>\n<p>&nbsp;<\/p>\n<p><a href=\"http:\/\/issuu.com\/esuorg\/docs\/dialogue_web_version?mode=a_p\" target=\"_blank\">Dialogue magazine<\/a>\u00c2 (the\u00c2 English Speaking Union publication), \u00e2\u20ac\u0153Branch News: Thanksgiving&#8221;, Summer 2012 (page 53\/54)<\/p>\n<p><a href=\"http:\/\/www.sheffield.ac.uk\/alumni\/news\/2012\/annie_syrett\"><img decoding=\"async\" loading=\"lazy\" class=\"alignleft size-medium wp-image-758\" title=\"sheffield alumni bulletin\" alt=\"\" src=\"http:\/\/alalay.co.uk\/wordpress\/wp-content\/uploads\/2012\/02\/shef-alumni-bulletin-300x155.jpg\" width=\"300\" height=\"155\" srcset=\"http:\/\/alalay.co.uk\/wordpress\/wp-content\/uploads\/2012\/02\/shef-alumni-bulletin-300x155.jpg 300w, http:\/\/alalay.co.uk\/wordpress\/wp-content\/uploads\/2012\/02\/shef-alumni-bulletin-1024x530.jpg 1024w, http:\/\/alalay.co.uk\/wordpress\/wp-content\/uploads\/2012\/02\/shef-alumni-bulletin.jpg 1518w\" sizes=\"(max-width: 300px) 100vw, 300px\" \/><\/a><\/p>\n<p>&nbsp;<\/p>\n<p>&nbsp;<\/p>\n<p><a href=\"http:\/\/www.sheffield.ac.uk\/alumni\/news\/2012\/annie_syrett\" target=\"AlalayOrg\">Sheffield University alumni e-bulletin<\/a> &#8220;Where are they now? Annie Syrett&#8221;,<br \/>\nMarch 2012<\/p>\n<p><a href=\"http:\/\/careers.guardian.co.uk\/careers-blog\/charity-sector-jobs\" target=\"AlalayOrg\"><img decoding=\"async\" loading=\"lazy\" class=\"alignleft size-medium wp-image-677\" title=\"the guardian\" alt=\"\" src=\"http:\/\/alalay.co.uk\/wordpress\/wp-content\/uploads\/2012\/02\/guardian3-300x202.jpg\" width=\"300\" height=\"202\" srcset=\"http:\/\/alalay.co.uk\/wordpress\/wp-content\/uploads\/2012\/02\/guardian3-300x202.jpg 300w, http:\/\/alalay.co.uk\/wordpress\/wp-content\/uploads\/2012\/02\/guardian3.jpg 949w\" sizes=\"(max-width: 300px) 100vw, 300px\" \/><\/a><\/p>\n<p>&nbsp;<\/p>\n<p>&nbsp;<\/p>\n<p><a href=\"http:\/\/careers.guardian.co.uk\/careers-blog\/charity-sector-jobs\" target=\"AlalayOrg\">The Guardian careers blog<\/a> &#8220;I created a job for myself in the charity sector&#8221;,<br \/>\n22 February 2012<\/p>\n<p>&nbsp;<\/p>\n<p><a href=\"http:\/\/www.turizmaktuel.com\/haber-14142-Niksar_dunyaca_unlu_Nathan_Jonesi_agirladi.html\" target=\"AlalayOrg\"><img decoding=\"async\" loading=\"lazy\" class=\"alignleft size-medium wp-image-610\" title=\"turizm aktuel\" alt=\"\" src=\"http:\/\/alalay.co.uk\/wordpress\/wp-content\/uploads\/2012\/02\/turizm-3-300x180.jpg\" width=\"300\" height=\"180\" srcset=\"http:\/\/alalay.co.uk\/wordpress\/wp-content\/uploads\/2012\/02\/turizm-3-300x180.jpg 300w, http:\/\/alalay.co.uk\/wordpress\/wp-content\/uploads\/2012\/02\/turizm-3.jpg 946w\" sizes=\"(max-width: 300px) 100vw, 300px\" \/><\/a><\/p>\n<p>&nbsp;<\/p>\n<p><a href=\"http:\/\/www.turizmaktuel.com\/haber-14142-Niksar_dunyaca_unlu_Nathan_Jonesi_agirladi.html\" target=\"AlalayOrg\">Turizm Aktuel<\/a>\u00c2 (Turkish newspaper), \u00e2\u20ac\u0153Niksar, d\u00c3\u00bcnyaca \u00c3\u00bcnl\u00c3\u00bc Nathan Jones\u00e2\u20ac\u2122i a\u00c4\u0178\u00c4\u00b1rlad\u00c4\u00b1\u00e2\u20ac\u009d, 21 January 2012<\/p>\n<p>&nbsp;<\/p>\n<p><a href=\"http:\/\/www.thisisbristol.co.uk\/Bristol-man-s-charity-cycle-adventure-Japan\/story-14322676-detail\/story.html\" target=\"AlalayOrg\"><img decoding=\"async\" loading=\"lazy\" class=\"alignleft size-medium wp-image-589\" title=\"evening post 1\" alt=\"\" src=\"http:\/\/alalay.co.uk\/wordpress\/wp-content\/uploads\/2012\/02\/eve-post-3-300x205.jpg\" width=\"300\" height=\"205\" srcset=\"http:\/\/alalay.co.uk\/wordpress\/wp-content\/uploads\/2012\/02\/eve-post-3-300x205.jpg 300w, http:\/\/alalay.co.uk\/wordpress\/wp-content\/uploads\/2012\/02\/eve-post-3.jpg 980w\" sizes=\"(max-width: 300px) 100vw, 300px\" \/><\/a><\/p>\n<p>&nbsp;<\/p>\n<p>&nbsp;<\/p>\n<p><a href=\"http:\/\/www.thisisbristol.co.uk\/Bristol-man-s-charity-cycle-adventure-Japan\/story-14322676-detail\/story.html\" target=\"AlalayOrg\">Bristol Evening Post<\/a>\u00c2 \u00e2\u20ac\u0153Bristol man\u00e2\u20ac\u2122s charity cycle to Japan\u00e2\u20ac\u009d, 4 January 2012<\/p>\n<p>&nbsp;<\/p>\n<p><a href=\"http:\/\/www.thisisbath.co.uk\/Nathan-cycles-solo-Japan-charity\/story-14146254-detail\/story.html\" target=\"AlalayOrg\"><img decoding=\"async\" loading=\"lazy\" class=\"alignleft size-medium wp-image-590\" title=\"bath chronicle\" alt=\"\" src=\"http:\/\/alalay.co.uk\/wordpress\/wp-content\/uploads\/2012\/02\/bath-chron-2-300x201.jpg\" width=\"300\" height=\"201\" srcset=\"http:\/\/alalay.co.uk\/wordpress\/wp-content\/uploads\/2012\/02\/bath-chron-2-300x201.jpg 300w, http:\/\/alalay.co.uk\/wordpress\/wp-content\/uploads\/2012\/02\/bath-chron-2.jpg 991w\" sizes=\"(max-width: 300px) 100vw, 300px\" \/><\/a><\/p>\n<p>&nbsp;<\/p>\n<p>&nbsp;<\/p>\n<p><a href=\"http:\/\/www.thisisbath.co.uk\/Nathan-cycles-solo-Japan-charity\/story-14146254-detail\/story.html\" target=\"AlalayOrg\">The Bath Chronicle<\/a>\u00c2 \u00e2\u20ac\u0153Nathan cycles solo to Japan for charity\u00e2\u20ac\u009d, 17 December 2011<\/p>\n<p>&nbsp;<\/p>\n<p><a href=\"http:\/\/issuu.com\/freyamorris\/docs\/nonesuchsecondedition2011?mode=window&amp;backgroundColor=%23222222\" target=\"AlalayOrg\"><img decoding=\"async\" loading=\"lazy\" class=\"alignleft size-medium wp-image-592\" title=\"nonesuch\" alt=\"\" src=\"http:\/\/alalay.co.uk\/wordpress\/wp-content\/uploads\/2012\/02\/nonesuch-300x155.jpg\" width=\"300\" height=\"155\" srcset=\"http:\/\/alalay.co.uk\/wordpress\/wp-content\/uploads\/2012\/02\/nonesuch-300x155.jpg 300w, http:\/\/alalay.co.uk\/wordpress\/wp-content\/uploads\/2012\/02\/nonesuch-1024x529.jpg 1024w, http:\/\/alalay.co.uk\/wordpress\/wp-content\/uploads\/2012\/02\/nonesuch.jpg 1151w\" sizes=\"(max-width: 300px) 100vw, 300px\" \/><\/a><\/p>\n<p>&nbsp;<\/p>\n<p><a href=\"http:\/\/issuu.com\/freyamorris\/docs\/nonesuchsecondedition2011?mode=window&amp;backgroundColor=%23222222\" target=\"AlalayOrg\">Nonesuch magazine<\/a>\u00c2 (Bristol University friends and alumni\u00c2 publication), \u00e2\u20ac\u0153Way to go\u00e2\u20ac\u009d, Autumn 2011 edition (page 13)<\/p>\n<p>&nbsp;<\/p>\n<p><a href=\"http:\/\/www.youtube.com\/watch?v=aac-WY7GUC4\" target=\"AlalayOrg\"><img decoding=\"async\" loading=\"lazy\" class=\"alignleft size-medium wp-image-659\" title=\"youtube\" alt=\"\" src=\"http:\/\/alalay.co.uk\/wordpress\/wp-content\/uploads\/2012\/02\/youtube2-300x202.jpg\" width=\"300\" height=\"202\" srcset=\"http:\/\/alalay.co.uk\/wordpress\/wp-content\/uploads\/2012\/02\/youtube2-300x202.jpg 300w, http:\/\/alalay.co.uk\/wordpress\/wp-content\/uploads\/2012\/02\/youtube2.jpg 995w\" sizes=\"(max-width: 300px) 100vw, 300px\" \/><\/a><\/p>\n<p>&nbsp;<\/p>\n<p>&nbsp;<\/p>\n<p><a href=\"http:\/\/www.youtube.com\/watch?v=aac-WY7GUC4\" target=\"AlalayOrg\">Youtube documentary<\/a>\u00c2 \u00e2\u20ac\u0153Alalay: Children of the Cold\u00e2\u20ac\u009d\u00c2 \u00c2 (30 minutes duration), 2011<\/p>\n<p><a href=\"http:\/\/www.theaward.bm\/sitedocs\/Award%20Leader%20Resources\/Issue%208%20Spring%202011.pdf\" target=\"AlalayOrg\"><img decoding=\"async\" loading=\"lazy\" class=\"alignleft size-medium wp-image-606\" title=\"D of E\" alt=\"\" src=\"http:\/\/alalay.co.uk\/wordpress\/wp-content\/uploads\/2012\/02\/dofe3-300x152.jpg\" width=\"300\" height=\"152\" srcset=\"http:\/\/alalay.co.uk\/wordpress\/wp-content\/uploads\/2012\/02\/dofe3-300x152.jpg 300w, http:\/\/alalay.co.uk\/wordpress\/wp-content\/uploads\/2012\/02\/dofe3.jpg 796w\" sizes=\"(max-width: 300px) 100vw, 300px\" \/><\/a><\/p>\n<p>&nbsp;<\/p>\n<p>&nbsp;<\/p>\n<p><a href=\"http:\/\/www.theaward.bm\/sitedocs\/Award%20Leader%20Resources\/Issue%208%20Spring%202011.pdf\" target=\"AlalayOrg\">Duke of Edinburgh Award magazine<\/a>\u00c2 \u00e2\u20ac\u0153Positive futures\u00e2\u20ac\u009d, Spring 2011 edition<br \/>\n(page 10)<\/p>\n<p><a href=\"http:\/\/alalay.co.uk\/wordpress\/wp-content\/uploads\/2012\/02\/BBC-Radio-Sheffield1252312173.jpg\"><img decoding=\"async\" loading=\"lazy\" class=\"alignleft size-medium wp-image-628\" title=\"BBC radio sheffield\" alt=\"\" src=\"http:\/\/alalay.co.uk\/wordpress\/wp-content\/uploads\/2012\/02\/BBC-Radio-Sheffield1252312173-300x147.jpg\" width=\"300\" height=\"147\" srcset=\"http:\/\/alalay.co.uk\/wordpress\/wp-content\/uploads\/2012\/02\/BBC-Radio-Sheffield1252312173-300x147.jpg 300w, http:\/\/alalay.co.uk\/wordpress\/wp-content\/uploads\/2012\/02\/BBC-Radio-Sheffield1252312173-1024x501.jpg 1024w, http:\/\/alalay.co.uk\/wordpress\/wp-content\/uploads\/2012\/02\/BBC-Radio-Sheffield1252312173.jpg 1226w\" sizes=\"(max-width: 300px) 100vw, 300px\" \/><\/a><\/p>\n<p>&nbsp;<\/p>\n<p>&nbsp;<\/p>\n<p>BBC Radio Sheffield interview, 2 May 2011<\/p>\n<p><a href=\"http:\/\/www.thestar.co.uk\/news\/health\/street_kids_charity_cash_1_3321717\" target=\"AlalayOrg\"><img decoding=\"async\" loading=\"lazy\" class=\"alignleft size-medium wp-image-613\" title=\"sheffield star\" alt=\"\" src=\"http:\/\/alalay.co.uk\/wordpress\/wp-content\/uploads\/2012\/02\/the-star-3-300x153.jpg\" width=\"300\" height=\"153\" srcset=\"http:\/\/alalay.co.uk\/wordpress\/wp-content\/uploads\/2012\/02\/the-star-3-300x153.jpg 300w, http:\/\/alalay.co.uk\/wordpress\/wp-content\/uploads\/2012\/02\/the-star-3.jpg 995w\" sizes=\"(max-width: 300px) 100vw, 300px\" \/><\/a><\/p>\n<p>&nbsp;<\/p>\n<p>&nbsp;<\/p>\n<p><a href=\"http:\/\/www.thestar.co.uk\/news\/health\/street_kids_charity_cash_1_3321717\" target=\"AlalayOrg\">The Sheffield Star newspaper<\/a>\u00c2 \u00e2\u20ac\u0153Street kids\u00e2\u20ac\u2122 charity cash\u00e2\u20ac\u009d, 26 April 2011<\/p>\n<p><a href=\"http:\/\/www.yorkshirepost.co.uk\/news\/at-a-glance\/main-section\/better_life_for_street_children_of_bolivia_1_3317336\" target=\"AlalayOrg\"><img decoding=\"async\" loading=\"lazy\" class=\"alignleft size-medium wp-image-615\" title=\"yorkshire post\" alt=\"\" src=\"http:\/\/alalay.co.uk\/wordpress\/wp-content\/uploads\/2012\/02\/york-post-2-300x175.jpg\" width=\"300\" height=\"175\" srcset=\"http:\/\/alalay.co.uk\/wordpress\/wp-content\/uploads\/2012\/02\/york-post-2-300x175.jpg 300w, http:\/\/alalay.co.uk\/wordpress\/wp-content\/uploads\/2012\/02\/york-post-2.jpg 998w\" sizes=\"(max-width: 300px) 100vw, 300px\" \/><\/a><\/p>\n<p>&nbsp;<\/p>\n<p>&nbsp;<\/p>\n<p><a href=\"http:\/\/www.yorkshirepost.co.uk\/news\/at-a-glance\/main-section\/better_life_for_street_children_of_bolivia_1_3317336\" target=\"AlalayOrg\">The Yorkshire Post newspaper<\/a>\u00c2 \u00e2\u20ac\u0153Better life for street children of Bolivia\u00e2\u20ac\u009d, 23 April 2011<\/p>\n<p><a href=\"http:\/\/www.sheffield.ac.uk\/mediacentre\/2011\/graduate-charity-bolivia-street-children.html\" target=\"AlalayOrg\"><img decoding=\"async\" loading=\"lazy\" class=\"alignleft size-medium wp-image-620\" title=\"sheffield university \" alt=\"\" src=\"http:\/\/alalay.co.uk\/wordpress\/wp-content\/uploads\/2012\/02\/shef-uni3-300x184.jpg\" width=\"300\" height=\"184\" srcset=\"http:\/\/alalay.co.uk\/wordpress\/wp-content\/uploads\/2012\/02\/shef-uni3-300x184.jpg 300w, http:\/\/alalay.co.uk\/wordpress\/wp-content\/uploads\/2012\/02\/shef-uni3.jpg 862w\" sizes=\"(max-width: 300px) 100vw, 300px\" \/><\/a><\/p>\n<p>&nbsp;<\/p>\n<p>&nbsp;<\/p>\n<p><a href=\"http:\/\/www.sheffield.ac.uk\/mediacentre\/2011\/graduate-charity-bolivia-street-children.html\" target=\"AlalayOrg\">University of Sheffield media page<\/a>\u00c2 \u00e2\u20ac\u0153Sheffield graduate improves life for Bolivian street children\u00e2\u20ac\u009d, 21 April 2011<\/p>\n<p><a href=\"http:\/\/optimistworld.com\/Annie-Syrett-Bolivian-street-children-charity-Friends-of-Alalay\/\" target=\"AlalayOrg\"><img decoding=\"async\" loading=\"lazy\" class=\"alignleft size-medium wp-image-624\" title=\"optimist world\" alt=\"\" src=\"http:\/\/alalay.co.uk\/wordpress\/wp-content\/uploads\/2012\/02\/optimist-3-300x169.jpg\" width=\"300\" height=\"169\" srcset=\"http:\/\/alalay.co.uk\/wordpress\/wp-content\/uploads\/2012\/02\/optimist-3-300x169.jpg 300w, http:\/\/alalay.co.uk\/wordpress\/wp-content\/uploads\/2012\/02\/optimist-3.jpg 974w\" sizes=\"(max-width: 300px) 100vw, 300px\" \/><\/a><\/p>\n<p>&nbsp;<\/p>\n<p>&nbsp;<\/p>\n<p><a href=\"http:\/\/optimistworld.com\/Annie-Syrett-Bolivian-street-children-charity-Friends-of-Alalay\/\" target=\"AlalayOrg\">The Optimist World<\/a>\u00c2 \u00e2\u20ac\u0153Graduate Annie Syrett transforms lives of hundreds of Bolivian street children through her charity Friends of Alalay\u00e2\u20ac\u009d, 5 April 2011<\/p>\n<p><a href=\"http:\/\/bcfm.org.uk\/category\/shows\/live-and-local\" target=\"AlalayOrg\"><img decoding=\"async\" loading=\"lazy\" class=\"alignleft size-medium wp-image-636\" title=\"bcfm radio\" alt=\"\" src=\"http:\/\/alalay.co.uk\/wordpress\/wp-content\/uploads\/2012\/02\/bcfm3-300x198.jpg\" width=\"300\" height=\"198\" srcset=\"http:\/\/alalay.co.uk\/wordpress\/wp-content\/uploads\/2012\/02\/bcfm3-300x198.jpg 300w, http:\/\/alalay.co.uk\/wordpress\/wp-content\/uploads\/2012\/02\/bcfm3-1024x676.jpg 1024w\" sizes=\"(max-width: 300px) 100vw, 300px\" \/><\/a><\/p>\n<p>&nbsp;<\/p>\n<p>&nbsp;<\/p>\n<p><a href=\"http:\/\/bcfm.org.uk\/category\/shows\/live-and-local\" target=\"AlalayOrg\">BCfm Radio interview<\/a>, 28 March 2011<br \/>\n(at 5pm roughly 11 minutes in)<\/p>\n<p>&nbsp;<\/p>\n<p>&nbsp;<\/p>\n<p><a href=\"http:\/\/alalay.co.uk\/wordpress\/wp-content\/uploads\/2012\/02\/weekly-news.jpg\"><img decoding=\"async\" loading=\"lazy\" class=\"alignleft size-medium wp-image-638\" title=\"weekly news\" alt=\"\" src=\"http:\/\/alalay.co.uk\/wordpress\/wp-content\/uploads\/2012\/02\/weekly-news-300x120.jpg\" width=\"300\" height=\"120\" srcset=\"http:\/\/alalay.co.uk\/wordpress\/wp-content\/uploads\/2012\/02\/weekly-news-300x120.jpg 300w, http:\/\/alalay.co.uk\/wordpress\/wp-content\/uploads\/2012\/02\/weekly-news.jpg 437w\" sizes=\"(max-width: 300px) 100vw, 300px\" \/><\/a><\/p>\n<p>&nbsp;<\/p>\n<p>The Weekly News newspaper \u00e2\u20ac\u0153Big-hearted Annie makes life better for Bolivian school kids\u00e2\u20ac\u009d, 5 March 2011<\/p>\n<p><a href=\"http:\/\/www.thisisbristol.co.uk\/news\/LITTLE-BIT-BRISTOL-BOLIVIA\/article-3110571-detail\/article.html\" target=\"AlalayOrg\"><img decoding=\"async\" loading=\"lazy\" class=\"alignleft size-medium wp-image-640\" title=\"evening post 2\" alt=\"\" src=\"http:\/\/alalay.co.uk\/wordpress\/wp-content\/uploads\/2012\/02\/eve-post-4-300x187.jpg\" width=\"300\" height=\"187\" srcset=\"http:\/\/alalay.co.uk\/wordpress\/wp-content\/uploads\/2012\/02\/eve-post-4-300x187.jpg 300w, http:\/\/alalay.co.uk\/wordpress\/wp-content\/uploads\/2012\/02\/eve-post-4.jpg 999w\" sizes=\"(max-width: 300px) 100vw, 300px\" \/><\/a><\/p>\n<p>&nbsp;<\/p>\n<p><a href=\"http:\/\/www.thisisbristol.co.uk\/news\/LITTLE-BIT-BRISTOL-BOLIVIA\/article-3110571-detail\/article.html\" target=\"AlalayOrg\">Bristol Evening Post<\/a>\u00c2 \u00e2\u20ac\u0153A little bit of Bristol in Bolivia\u00e2\u20ac\u009d, 18 January 2011<\/p>\n<p>&nbsp;<\/p>\n<p>&nbsp;<\/p>\n<p><a href=\"http:\/\/issuu.com\/esuorg\/docs\/dialogue_2010_september\" target=\"AlalayOrg\"><img decoding=\"async\" loading=\"lazy\" class=\"alignleft size-medium wp-image-644\" title=\"dialogue magazine\" alt=\"\" src=\"http:\/\/alalay.co.uk\/wordpress\/wp-content\/uploads\/2012\/02\/esu3-300x138.jpg\" width=\"300\" height=\"138\" srcset=\"http:\/\/alalay.co.uk\/wordpress\/wp-content\/uploads\/2012\/02\/esu3-300x138.jpg 300w, http:\/\/alalay.co.uk\/wordpress\/wp-content\/uploads\/2012\/02\/esu3.jpg 599w\" sizes=\"(max-width: 300px) 100vw, 300px\" \/><\/a><\/p>\n<p>&nbsp;<\/p>\n<p><a href=\"http:\/\/issuu.com\/esuorg\/docs\/dialogue_2010_september\" target=\"AlalayOrg\">Dialogue magazine<\/a>\u00c2 (the\u00c2 English Speaking Union publication), \u00e2\u20ac\u0153Teaching Bolivian street children\u00e2\u20ac\u009d, September 2010 (page 10)<\/p>\n<p>&nbsp;<\/p>\n<p><a href=\"http:\/\/alalay.co.uk\/wordpress\/wp-content\/uploads\/2012\/02\/bbc-radio-bristol2.jpg\"><img decoding=\"async\" loading=\"lazy\" class=\"alignleft size-medium wp-image-648\" title=\"BBC radio bristol\" alt=\"\" src=\"http:\/\/alalay.co.uk\/wordpress\/wp-content\/uploads\/2012\/02\/bbc-radio-bristol2-300x132.jpg\" width=\"300\" height=\"132\" srcset=\"http:\/\/alalay.co.uk\/wordpress\/wp-content\/uploads\/2012\/02\/bbc-radio-bristol2-300x132.jpg 300w, http:\/\/alalay.co.uk\/wordpress\/wp-content\/uploads\/2012\/02\/bbc-radio-bristol2.jpg 417w\" sizes=\"(max-width: 300px) 100vw, 300px\" \/><\/a><\/p>\n<p>&nbsp;<\/p>\n<p>BBC Radio Bristol interview,<br \/>\n27 December 2009<\/p>\n<p>&nbsp;<\/p>\n<p><a href=\"http:\/\/alalay.co.uk\/wordpress\/wp-content\/uploads\/2012\/02\/eve-post-5.jpg\"><img decoding=\"async\" loading=\"lazy\" class=\"alignleft size-full wp-image-650\" title=\"evening post 3\" alt=\"\" src=\"http:\/\/alalay.co.uk\/wordpress\/wp-content\/uploads\/2012\/02\/eve-post-5.jpg\" width=\"245\" height=\"104\" \/><\/a><\/p>\n<p>&nbsp;<\/p>\n<p>Bristol Evening Post \u00e2\u20ac\u0153My work to help Bolivian kids is so rewarding\u00e2\u20ac\u009d, 2 February 2007<\/p>\n","protected":false},"excerpt":{"rendered":"<p>The work of Friends of Alalay has been featured in various publications over the years. &nbsp; The Glamorgan GEM newspaper, &#8220;Four speakers enthrall English Speaking Union&#8221;, 27 February 2014 &nbsp; &nbsp; Travel News Gazette, &#8220;LATA Foundation has new projects in &hellip; <a href=\"http:\/\/alalay.co.uk\/?page_id=147\">Continue reading <span class=\"meta-nav\">&rarr;<\/span><\/a><\/p>\n","protected":false},"author":1,"featured_media":0,"parent":0,"menu_order":6,"comment_status":"closed","ping_status":"open","template":"","meta":[],"_links":{"self":[{"href":"http:\/\/alalay.co.uk\/index.php?rest_route=\/wp\/v2\/pages\/147"}],"collection":[{"href":"http:\/\/alalay.co.uk\/index.php?rest_route=\/wp\/v2\/pages"}],"about":[{"href":"http:\/\/alalay.co.uk\/index.php?rest_route=\/wp\/v2\/types\/page"}],"author":[{"embeddable":true,"href":"http:\/\/alalay.co.uk\/index.php?rest_route=\/wp\/v2\/users\/1"}],"replies":[{"embeddable":true,"href":"http:\/\/alalay.co.uk\/index.php?rest_route=%2Fwp%2Fv2%2Fcomments&post=147"}],"version-history":[{"count":0,"href":"http:\/\/alalay.co.uk\/index.php?rest_route=\/wp\/v2\/pages\/147\/revisions"}],"wp:attachment":[{"href":"http:\/\/alalay.co.uk\/index.php?rest_route=%2Fwp%2Fv2%2Fmedia&parent=147"}],"curies":[{"name":"wp","href":"https:\/\/api.w.org\/{rel}","templated":true}]}}